 g. Suppose -4*i - 2 = 3*y, 5*y - i = 3*i - 46. Let j be ((-4)/6)/((-1)/(-9)*y). Give u(j).
1
Let b(s) = s + 38 + 47 + s + 0*s - 51. What is b(-16)?
2
Let o(p) = p - 2. Let c(s) = -s**3 + 2*s**2 + 4*s - 1. Let n be c(-3). Suppose 0*r + r = 4, -3*r = 4*v - n. Calculate o(v).
3
Let b be (34/17)/((-2)/2). Let u(o) = 21*o**2 - 17*o - 4. Let c(s) = 5*s**2 - 4*s - 1. Let p(w) = b*u(w) + 9*c(w). What is p(-1)?
4
Suppose 269 = -7*c + 248. Let b(j) = -2*j**2 - 5*j - 4. Calculate b(c).
-7
Let y = -19 + 10. Let s(p) = p**2 + 10*p - 240. Let a(d) = d**2 + 10*d - 289. Let q(i) = -5*a(i) + 6*s(i). Determine q(y).
-4
Let d(u) = u + 3. Let t(z) = 8*z + 19. Let p(k) = 10*d(k) - 2*t(k). Calculate p(-2).
4
Suppose -j + 2*t - 5 = 3*t, 0 = j - 3*t - 11. Let k be (0 - 0) + (15 - j). Suppose 1 = 17*l - k*l. Let r(n) = -10*n + 1. Calculate r(l).
-9
Let q(a) = -15 + 6 + 25*a - 21*a + 7. Suppose -8*c = -3*c + 20, -4*t + 20 = -3*c. Give q(t).
6
Let u(k) be the third derivative of -k**6/120 + 17*k**5/60 + 3*k**4/4 - k**3/2 - 33*k**2 - 2. What is u(18)?
-3
Let h(g) = g**2 - 3*g**3 + 23*g**3 - 1 + 2*g**3 - 6*g**3. Determine h(1).
16
Let v(z) = -2*z**2 - 50*z**3 - 4*z**2 + 1 + 7*z - 9*z + 7*z**2. Calculate v(1).
-50
Let r(b) = -b**2 + 8*b + 6. Let y be r(8). Let s(l) = l**2 + 2*l - l + 6*l + y. Let v = -1 + -3. What is s(v)?
-6
Let j(d) = -d - 12. Suppose q + r + 1 = 0, r - 29 = q - 26. Determine j(q).
-10
Let t(l) be the first derivative of 4/3*l**3 + 0*l - 9 - 7/2*l**2 - 1/24*l**4. Let g(d) be the second derivative of t(d). Calculate g(5).
3
Let y(x) be the first derivative of 2*x**3 - x**2 + x - 2. Let l(m) = -m**2 - 10*m - 7. Let d be l(-7). Let r(g) = -g + 15. Let u be r(d). Calculate y(u).
5
Let l(g) be the third derivative of 0*g**5 - 4*g**2 + 0 + 7/6*g**3 + 0*g**4 + 1/360*g**6 + 0*g. Let k(d) be the first derivative of l(d). What is k(0)?
0
Let n(z) = -3*z - 5. Let k(a) = -1. Let r(v) = v + 4. Let p(b) = 2*k(b) + r(b). Let q(g) = -3*n(g) - 8*p(g). Let f be q(-2). Let w(l) = l**2 + 2. What is w(f)?
11
Let u(y) be the second derivative of -y**3/3 + 3*y**2 - 33*y. Suppose -2*p + 0*p + 6 = 0. Suppose p*s = 2*f + 22, 5*f + 1 = -s - 3. What is u(s)?
-6
Let k(n) = -n - 7. Let l be k(-3). Let o = 1 - l. Let g(b) = -b**3 + 5*b**2 - 2*b + 7. Let t be g(o). Let c(u) = u**3 + 2*u**2 + 3. Give c(t).
-6
Let j(n) = -2*n**2 - 20*n - 24. Let g(v) = -v**2 - 13*v - 16. Let a(y) = -7*g(y) + 5*j(y). Determine a(-5).
-38
Let k(c) be the third derivative of c**5/60 - 5*c**4/24 - c**3/2 + 32*c**2. Let o = 13 - 6. Give k(o).
11
Let o(a) be the third derivative of -1/24*a**4 + 0*a + 0 - 1/6*a**3 + 2*a**2. Let n(k) = -k**3 - 13*k**2 + 12*k - 27. Let q be n(-14). What is o(q)?
-2
Let y(p) = p**2 - 7*p + 5. Let m(f) = -f. Let l(i) = 6*m(i) - y(i). What is l(2)?
-7
Let f(v) = 9. Let q(p) = -p + 5. Let u(g) = 2*f(g) + 2*q(g). Determine u(15).
-2
Let v(j) = j**2 - 2*j. Suppose -3*m = -2*b - 10, 4 = -19*m + 24*m + 3*b. Suppose -2*w + 109 - 43 = 0. Suppose -l + 1 = m*f, -12 = 3*f - 5*l - w. Determine v(f).
0
Let s(u) = u + 4. Let h be s(-7). Let o(q) = q + 1. Let w(y) = -y**2 - 3*y - 2. Let g(n) = h*o(n) + w(n). What is g(-5)?
0
Let m be 5*4/10 - 0. Let z(r) = 4*r**2 - 3*r**m - r + 2*r. What is z(0)?
0
Let y(q) = 4 + 43 + 3*q + 28 - 35. Determine y(-14).
-2
Let v(c) = -8*c + 5. Suppose 1332*h + 5 = 1333*h. Give v(h).
-35
Let i(u) be the third derivative of -u**6/20 + u**5/60 + u**4/24 - 193*u**2. Give i(2).
-42
Let v(j) = 35*j - 2. Let u(g) = 11*g - 1. Let m(z) = 7*u(z) - 2*v(z). What is m(3)?
18
Let i(d) be the third derivative of d**6/720 + d**5/40 + 3*d**4/4 - 6*d**2. Let m(g) be the second derivative of i(g). Give m(-7).
-4
Let v(x) = 4*x + 2. Let f(d) = -d**2 - 7*d - 8. Suppose -4*r = 4*g + 44, 4*g - 3*r = 2*r + 1. Let b be f(g). Determine v(b).
-6
Let a(h) = h - 3 + 0*h**2 - 28*h**3 - 5 - 3*h**2 + 25*h**3. Let q(t) = -t**3 - t**2 - 1. Let s(x) = a(x) - 2*q(x). Calculate s(0).
-6
Let g(f) = f**2 + 19*f + 43. Let i(s) = 3*s**2 + 38*s + 87. Let c(q) = 5*g(q) - 2*i(q). Let b be c(21). Let d(u) = 2*u**3 - u. Give d(b).
-1
Suppose -121 = 23*b - 6. Let s(a) be the first derivative of a**4/12 + 7*a**3/6 + 5*a**2/2 - 2*a + 1. Let j(r) be the first derivative of s(r). What is j(b)?
-5
Suppose -13 = 3*l + 22*d - 17*d, 5*d + 7 = 3*l. Let m(v) = -v**2 - 3*v**2 - 2*v - 1 + 22*v**2. Determine m(l).
19
Let t(f) = f - 1. Suppose -7*m - 10 = -45. Suppose -9*u = -3*u - m*u. Determine t(u).
-1
Let l(k) be the second derivative of -1/6*k**3 - 2*k - 1/2*k**2 + 0. Determine l(-8).
7
Let f(r) = r**3 - 4*r**2 - 7*r + 4. Suppose 8*s - 3 = 37. Let n be f(s). Let q(l) = -l**3 - 6*l**2 - l - 7. Calculate q(n).
-1
Let c(i) = 7*i**2 + i - 3. Let g(z) = z**2 - z. Let u(j) = -c(j) + 6*g(j). Determine u(-11).
-41
Let s(c) be the first derivative of -3*c**2/2 + 3*c + 2. Let v be (-18)/(-24) + (-21)/(-4). Suppose -2*n - 3*o = -v, 3*n - 9 = -3*o - 0*o. What is s(n)?
-6
Let o(l) = 6*l - 3. Suppose 11 + 3 = 2*y - 4*f, -5*y = -2*f - 19. Suppose -5*k = -4*z + 57, -4*k = -0*k - y*z + 46. Let v = -11 - k. Calculate o(v).
9
Let m(g) = -g**2 + g + 3. Suppose -5*f = -2*f. Suppose -4*v = 12 - f. Calculate m(v).
-9
Let k(x) = x**2 - 4*x + 1. Let w = -39 + 42. Let s = 4 - 7. Let m be w - (3 + 0 + s). Determine k(m).
-2
Let u(y) = 2*y**3 + 39*y**2 + 20*y + 11. Let w be u(-19). Let v(j) = j + j**2 + 6*j - 2*j + 5*j. Determine v(w).
-16
Let u(w) = -2*w + 1. Suppose 39 = 2*r + r. Let q = 16 - r. Suppose 0 = q*o - 6*o - 3. Determine u(o).
3
Let w(y) = 3*y**3 + 3*y**2 + 3*y + 28. Let b(l) = 7*l**3 + 7*l**2 + 7*l + 56. Let k(v) = -2*b(v) + 5*w(v). What is k(0)?
28
Let l(w) = -20*w**2 - 29*w - 76. Let h(a) = 11*a**2 + 15*a + 38. Let q(x) = -11*h(x) - 6*l(x). What is q(11)?
16
Let z(n) = -6*n - 3. Let x = 108 + -209. Let o = x - -99. Give z(o).
9
Let n(z) = -7*z. Let l(c) = 0*c - 21 - 15*c + 22. Let k(x) = -6*l(x) + 13*n(x). Calculate k(-3).
-3
Suppose 0 = 10*p + 2*p + 48. Let z(k) = -3*k - 9. Give z(p).
3
Suppose 35*c - 4*b = 36*c + 30, c + b + 15 = 0. Let k(p) be the first derivative of -p**4/4 - 11*p**3/3 - 5*p**2 - 2*p - 1. What is k(c)?
-2
Suppose -5*m + 36 = -5*q + q, 0 = -4*q - 5*m + 4. Let d(v) = v + 3. Calculate d(q).
-1
Suppose -4*p + 8 = 20. Let f be 24/8 - (-24)/p. Let w(b) = 2*b + 2. Give w(f).
-8
Suppose 0 = 5*j - 8 - 27. Let b = j + -12. Let d(l) = l**3 - 6*l**2 - 7*l - 3. Let n(q) = 2*q**3 - 6*q**2 - 7*q - 2. Let c(h) = 3*d(h) - 2*n(h). Determine c(b).
5
Let b(m) be the first derivative of -m**6/180 + m**4/12 - 10*m**3/3 + 6. Let c(q) be the third derivative of b(q). Let s be (-2)/8 + (-7)/4. Determine c(s).
-6
Let v(b) = -b**2 + 21*b - 112. Let s be v(11). Let i(q) = -q**3. Let c(p) = -2*p + 5*p - 1 + 4*p**3 + 3. Let z(j) = -c(j) - 5*i(j). Give z(s).
-4
Let d(z) = z**2 + 10*z + 5. Let p(a) = -a**3 + 15*a**2. Let n be p(15). Suppose -4*b - 44 + 8 = n. What is d(b)?
-4
Suppose -178*r = -179*r + 3. Let p be (-1)/(1*2/(-6)). Suppose 5*w + 4 + 2 = r*n, -4*w = p*n + 21. Let a(y) = y**2 + 3*y + 4. Determine a(w).
4
Let o(v) = -v**3 + 19*v**2 - v + 1. Let s(f) = -5*f**3 + 111*f**2 - 14*f + 14. Let g(y) = 6*o(y) - s(y). What is g(4)?
8
Suppose n - 1 - 5 = 4*w + 14, 5*n = 0. Let f(r) be the second derivative of r**5/20 + r**4/3 - r**3 + r**2 - r. Determine f(w).
7
Let t(o) = o**2 + o - 7. Let q be t(0). Let i be (q - 0)/(1 - 0) - -1. Let r(s) = -2*s - 5. Determine r(i).
7
Suppose -3*t - 5*c = -31, 4*c = -5*t - 0*c + 69. Let z = 17 - 4. Let g = t - z. Let v(n) = n**2 - 3*n - 1. Calculate v(g).
3
Suppose -55*z + t = -56*z - 9, 2*z + 5*t = -30. Let w(y) = y**3 + 4*y**2 - 6*y - 11. Determine w(z).
-6
Let p(v) = v**3 + 4*v**2 + 4*v + 3. Let y be p(-2). Suppose y*f - 35 + 56 = 0. Let g(d) = 2*d + 4. Give g(f).
-10
Suppose 0 = -15*s - 14*s - 203. Let q(a) = a**2 + 3*a + 3. Let n(m) = m. Let g(z) = -4*n(z) - q(z). Determine g(s).
-3
Let o(g) = -16*g - g**2 + 7*g + 41 - 5 - 22. Give o(-11).
-8
Suppose -4*h - 40 + 28 = 0, -3*g + 9 = -4*h. Let c(m) = -m**3. Let o(j) = 17*j**3 + j. Let l(n) = -4*c(n) - o(n). Determine l(g).
14
Let s(v) = 2*v**3 - 3*v**2 + v - 4. Let j be s(2). Let p(u) = u**3 - u**2 - 3*u + 1. What is p(j)?
-1
Let d(h) = 9 - 11*h**3 - 2 - 4 - 2 + 2*h. Let c = 34 - 35. What is d(c)?
10
Let z(d) be the third derivative of -d**4/12 + d*